in base 9?
-8045
Convert -4723 (base 12) to base 8.
-17413
2330020 (base 4) to base 8
27410
What is -20022 (base 3) in base 2?
-10101010
5741 (base 12) to base 10
9697
What is -457 (base 13) in base 7?
-2116
Convert 23140 (base 5) to base 13.
9b6
What is -4571 (base 13) in base 15?
-2d35
What is -13302 (base 5) in base 16?
-435
22a91 (base 13) to base 7
352422
What is 875 (base 16) in base 6?
14005
-218 (base 9) to base 7
-344
Convert -103023 (base 4) to base 6.
-5403
What is 5531 (base 10) in base 14?
2031
What is -46 (base 7) in base 4?
-202
What is -10224 (base 6) in base 5?
-21014
-11922 (base 10) to base 13
-5571
What is 100231 (base 4) in base 5?
13234
What is -27256 (base 8) in base 11?
-8a84
72a (base 16) to base 9
2457
What is 21342 (base 5) in base 8?
2700
Convert -2280 (base 9) to base 4.
-122130
Convert 51433 (base 6) to base 8.
15315
What is 467 (base 15) in base 16?
3e5
Convert -786 (base 14) to base 7.
-4226
What is -201232 (base 4) in base 15?
-98d
Convert -8084 (base 16) to base 9.
-50115
What is 8172 (base 9) in base 2?
1011101011010
Convert 111101110 (base 2) to base 12.
352
Convert -71bb (base 16) to base 8.
-70673
What is -c5b (base 15) in base 16?
-ae2
Convert 47 (base 13) to base 2.
111011
Convert -4354 (base 8) to base 14.
-b92
What is 18a6 (base 14) in base 8?
10552
Convert 320242 (base 6) to base 5.
1313033
Convert -11b7c (base 13) to base 2.
-111111111010000
-1979 (base 10) to base 2
-11110111011
-2432 (base 6) to base 15
-29b
-46cd (base 15) to base 5
-440133
What is -9b0 (base 14) in base 7?
-5410
What is 78c0 (base 15) in base 5?
1304410
Convert -101001000 (base 2) to base 4.
-11020
What is -1100000100000 (base 2) in base 11?
-4705
-286 (base 15) to base 9
-710
463 (base 8) to base 5
2212
2451 (base 9) to base 12
1084
Convert 43a (base 12) to base 4.
21232
c4d6 (base 14) to base 6
420540
-3232 (base 5) to base 6
-2014
Convert -3548 (base 10) to base 14.
-1416
-112342 (base 6) to base 13
-4505
What is 50b (base 14) in base 11?
821
Convert 75645 (base 8) to base 5.
2003103
Convert 304521 (base 7) to base 2.
1100101101010101
-2239 (base 10) to base 4
-202333
11001111010 (base 2) to base 4
121322
-1010011101 (base 2) to base 9
-823
What is 1114210 (base 5) in base 10?
19930
Convert -f0 (base 16) to base 4.
-3300
What is -20200 (base 9) in base 6?
-141300
What is 1602 (base 7) in base 4?
21333
-a338 (base 13) to base 14
-82cc
d59 (base 14) to base 13
1271
Convert 4053 (base 8) to base 6.
13403
-1100211001 (base 3) to base 8
-64327
-110000101 (base 2) to base 6
-1445
Convert 4412 (base 5) to base 13.
379
Convert -1212300 (base 4) to base 15.
-1e36
What is -14410 (base 5) in base 3?
-1200120
-1368 (base 11) to base 13
-a60
2035 (base 7) to base 4
23020
What is -2202013 (base 4) in base 16?
-2887
1526 (base 14) to base 15
11a8
101001102 (base 3) to base 5
213303
What is 50ee (base 16) in base 10?
20718
Convert -201102012 (base 3) to base 8.
-33511
What is -2142 (base 12) in base 13?
-187a
Convert 55533 (base 6) to base 4.
1321101
What is 292 (base 10) in base 15?
147
Convert -8132 (base 10) to base 6.
-101352
111303 (base 4) to base 16
573
Convert -2274 (base 9) to base 14.
-887
1249 (base 12) to base 7
6021
What is 5a1 (base 13) in base 11?
808
-2043 (base 7) to base 2
-1011001101
110001110 (base 2) to base 8
616
Convert 1079 (base 12) to base 2.
11100011101
Convert 141114 (base 5) to base 14.
2172
Convert -2010101 (base 3) to base 4.
-120031
-10100 (base 2) to base 5
-40
Convert -35007 (base 9) to base 5.
-1221320
What is 6543 (base 7) in base 3?
10012110
What is -1301222 (base 4) in base 16?
-1c6a
Convert 5e (base 15) to base 9.
108
Convert 32b (base 14) to base 11.
520
101332 (base 4) to base 5
14100
Convert -41024 (base 5) to base 12.
-163b
-6a56 (base 14) to base 7
-104636
What is -23431 (base 5) in base 11?
-1343
What is 1120211 (base 3) in base 4?
102010
Convert 32032 (base 4) to base 3.
1020201
What is 1000001010000001 (base 2) in base 7?
166255
What is -120121122 (base 3) in base 2?
-10110001111000
111021 (base 3) to base 6
1354
What is 1203 (base 5) in base 10?
178
-1393b (base 13) to base 7
-212031
41651 (base 10) to base 3
2010010122
Convert 34 (base 14) to base 6.
114
-1a45 (base 11) to base 16
-a1e
Convert 51806 (base 10) to base 9.
78052
Convert 13224 (base 6) to base 8.
3760
3214 (base 8) to base 4
122030
3aa (base 11) to base 14
267
1102021021 (base 3) to base 13
c910
10012 (base 5) to base 4
21320
What is 1ee (base 15) in base 7?
1211
-5631 (base 15) to base 7
-104161
Convert 4b9 (base 13) to base 7.
2262
Convert -73b5 (base 12) to base 11.
-9574
What is 460 (base 11) in base 4?
20212
Convert -16221 (base 10) to base 3.
-211020210
What is 11000201 (base 3) in base 2?
101101110111
Convert 492 (base 15) to base 13.
61a
31680 (base 9) to base 12
10176
24483 (base 9) to base 12
9619
35934 (base 10) to base 16
8c5e
Convert -10021 (base 8) to base 15.
-1343
135d (base 16) to base 3
20210121
What is 111001010 (base 2) in base 8?
712
What is 10011111000 (base 2) in base 3?
1202010
13676 (base 11) to base 6
230003
Convert 8a5 (base 12) to base 7.
3503
What is 11101 (base 2) in base 5?
104
1000101010 (base 2) to base 14
2b8
What is 370 (base 11) in base 3?
121022
Convert -ec8 (base 15) to base 11.
-2565
Convert 110021020 (base 3) to base 12.
5213
Convert 13562 (base 14) to base 2.
1011101001100010
-11110021 (base 3) to base 16
-caf
Convert 1909 (base 16) to base 11.
48a7
What is 3421 (base 7) in base 4?
103120
22204 (base 6) to base 7
12016
Convert 2bc9 (base 15) to base 11.
7089
Convert 30c (base 13) to base 5.
4034
What is 52705 (base 11) in base 13?
28bc6
What is 2237 (base 10) in base 13?
1031
What is -20311 (base 4) in base 9?
-687
Convert -1c52a (base 14) to base 10.
-72362
Convert 63602 (base 8) to base 7.
140153
Convert -4242 (base 5) to base 4.
-20330
Convert -11a4 (base 14) to base 13.
-1533
Convert -301412 (base 5) to base 6.
-112251
Convert -194 (base 16) to base 8.
-624
What is 1813 (base 12) in base 16?
b4f
What is 230650 (base 7) in base 6?
514254
49b5 (base 12) to base 13
3a4c
e199 (base 15) to base 4
23220003
Convert -111001100111 (base 2) to base 6.
-25023
Convert 3a756 (base 12) to base 4.
103222302
-20002 (base 3) to base 10
-164
-1101110100 (base 2) to base 13
-530
-10140 (base 6) to base 12
-950
Convert -420422 (base 5) to base 3.
-201000102
989 (base 12) to base 14
721
Convert 1011100001110 (base 2) to base 14.
2218
Convert 10110011011001 (base 2) to base 9.
16666
Convert 20102002 (base 3) to base 4.
1021001
What is 35500 (base 6) in base 9?
7050
Convert abc (base 13) to base 15.
830
What is 70e2 (base 16) in base 6?
341442
-524 (base 11) to base 4
-21313
What is 102000012 (base 3) in base 6?
101052
-21111112 (base 3) to base 2
-1010101011100
What is -3d1 (base 15) in base 2?
-1101100111
2b4 (base 14) to base 9
671
14600 (base 13) to base 7
216563
Convert 10211221 (base 3) to base 12.
175a
Convert -1212211 (base 3) to base 4.
-111130
-210201 (base 4) to base 5
-33322
21a (base 15) to base 2
111011011
What is 201 (base 6) in base 5?
243
Convert 3a3 (base 14) to base 16.
2db
Convert -78457 (base 9) to base 11.
-36196
11215 (base 8) to base 9
6456
Convert -5a0 (base 14) to base 2.
-10001100000
What is -10111101100000 (base 2) in base 3?
-121122012
What is -3527 (base 8) in base 10?
-1879
What is -174 (base 8) in base 15?
-84
Convert 11002 (base 4) to base 9.
387
-218 (base 13) to base 7
-1022
1716 (base 11) to base 10
2195
Convert 17e95 (base 15) to base 4.
102323210
Convert 130023 (base 5) to base 16.
1395
-10 (base 8) to base 12
-8
What is 3033 (base 6) in base 11?
559
Convert 21013 (base 4) to base 6.
2411
2210200 (base 3) to base 15
913
Convert -11110100 (base 2) to base 16.
-f4
What is 100001011110010 (base 2) in base 12?
9b02
Convert 4316 (base 8) to base 9.
3074
-1014 (base 5) to base 10
-134
Convert 57 (base 9) to base 13.
40
What is 161 (base 12) in base 6?
1001
Convert -29330 (base 10) to base 16.
-7292
-4acc (base 16) to base 5
-1103043
-2488 (base 9) to base 16
-746
What is 11002112 (base 3) in base 10?
2984
Convert -10000010000 (base 2) to base 15.
-495
1100313 (base 4) to base 7
21042
Convert -49 (base 14) to base 2.
-1000001
What is -524 (base 11) in base 15?
-2c1
What is 3